ded by 20?
17
Suppose 56*a - 44*a = 480. Calculate the remainder when a is divided by 32.
8
Suppose -6*p + 75 = 69. Calculate the remainder when 14 is divided by p.
0
Suppose -495 = -0*s - 3*s. What is the remainder when s is divided by 45 + -21 - (2 + -4 + -2)?
25
Suppose -3*r + 4*j + 28 = -j, -3*r + 4*j = -26. Suppose 0 = -r*g + 3*g + 18. What is the remainder when 33 is divided by ((-72)/(-6))/(4/g)?
15
Let g(p) = p**2 - 7*p - 5. Suppose 3*z + 35 = 95. What is the remainder when g(-4) is divided by z?
19
Let q be -1 - 12/(-15) - 22/(-10). Suppose 0*o - o - 5*n = -45, q*n - 198 = -4*o. What is the remainder when o is divided by 6?
2
Let k = 28 - 5. Let n = k + -5. Suppose -271 = -5*i - 0*i + 4*m, -3*m + 192 = 4*i. What is the remainder when i is divided by n?
15
Let h(l) = -l**3 + 17*l**2 - 47*l + 92. What is the remainder when 208 is divided by h(14)?
10
Let u(m) = 56*m + 756. What is the remainder when 52 is divided by u(-13)?
24
Suppose -291 = p - 4*p. Let x be ((-132)/(-15))/((-1)/5). Let i = x + 69. What is the remainder when p is divided by i?
22
Let n = 0 - 3. Let p be -2*(3/(-2))/n. Calculate the remainder when 18 is divided by (-8)/4 - p*9.
4
Let m = 594 + -565. Calculate the remainder when 124 is divided by m.
8
What is the remainder when -98*((-20)/(-6))/(16/(-12)) is divided by 6?
5
Let d(s) = -s**2 + 25*s - 120. Calculate the remainder when 31 is divided by d(18).
1
Let k = 804 + -776. What is the remainder when 96 is divided by k?
12
Suppose -4028 = -74*u + 21*u. What is the remainder when 259 is divided by u?
31
Let a be (-2 + 0 - -2) + 2. Suppose 5*j - 14 = 2*t, -3*j + 4*t = a*j - 18. Calculate the remainder when ((-8)/20)/(j/(-130)) is divided by 14.
12
Let i = 3414 - 3354. Let b(p) = 3*p**2 - p + 2. Calculate the remainder when i is divided by b(3).
8
Let w be (-2)/(-1) - (0 + 1). What is the remainder when 1 + (-13)/(-5)*(6 + -1) is divided by -2*w/(-2)*4?
2
Let i = 48 - 44. Suppose i*k = 3*j - 2*j - 8, -12 = -j + 2*k. What is the remainder when 77 is divided by j?
13
Suppose o + 94 = 2*o + 3*z, -2*o = -2*z - 156. Suppose 197 = 4*u + 5*m, 5*u - 186 = m + o. What is the remainder when u is divided by 1/(-2) + 234/12?
15
Let z(d) = -2*d**3 + 3*d**2 + 4*d + 2. Let p be z(-3). Suppose 0 = -t + 18 + p. Suppose 0 = 3*l - t - 82. Calculate the remainder when l is divided by 15.
12
Let o(i) = -i - 45. Let j be o(24). Let h = 80 + j. Let a(c) = c**2 + 4*c - 1. What is the remainder when a(4) is divided by h?
9
Let k(u) = -u**3 + 14*u + 675. What is the remainder when k(0) is divided by 113?
110
Suppose -5*d + 192 = 4*q, q - 5*d = 6*q - 235. Suppose 7*v - q = 62. What is the remainder when 17 is divided by v?
2
Let c(a) = -a**2 + 49*a + 210. What is the remainder when 217 is divided by c(52)?
1
Suppose -3*b = -5*b - 4*y, -9 = -3*b + 3*y. Suppose -b*n - n + 525 = 0. What is the remainder when n is divided by 44?
43
Let y = 300 - 259. What is the remainder when y is divided by 21?
20
Let z(i) = i**3 - 11*i**2 - 23*i - 24. Calculate the remainder when 28 is divided by z(13).
13
Let x = 5 + -37. Let s = -323 - -373. Let f = x + s. What is the remainder when 71 is divided by f?
17
Let a(g) = -8 + g**3 - 4*g + 0 + 6*g**2 - 3*g**2 + 5. Let b(k) = -k**2 - 14*k - 29. Calculate the remainder when b(-5) is divided by a(-2).
7
Let a be (-2126)/(-8) - (-13)/52. Let g be 0/(0 + 1 + 0). Suppose 181 + 34 = 4*f + 3*d, g = 5*f + d - a. Calculate the remainder when f is divided by 14.
11
Let o(b) = b**3 - 6*b**2 - 22*b + 54. What is the remainder when 76 is divided by o(8)?
4
Let y = -135 - -169. Calculate the remainder when (18/8 - 2)*2*y is divided by 4.
1
Suppose 4*v - 6*v = 6. Calculate the remainder when ((-32)/12)/8 + (-178)/v is divided by 16.
11
Suppose -46 = -12*s - 10. Suppose u - 4*n = 4 - s, -59 = -5*u + 2*n. What is the remainder when u is divided by 8?
5
Let f be (-1)/6 + 1060/24. Suppose 2*p - 14 + f = 0. What is the remainder when 155/p*(-6 + 3) is divided by 11?
9
Let k = -16 + 19. Suppose 40 = 8*r - 3*r. What is the remainder when r is divided by k?
2
Let v(o) = 5*o**2 - 11*o - 142. What is the remainder when 237 is divided by v(-6)?
29
Let r(f) = 8*f**2 + 20*f - 2. What is the remainder when r(-7) is divided by 64?
58
Suppose 218 = 3*q + 68. What is the remainder when q is divided by 15 + (-5)/(30/(-12))?
16
Let s = 346 - 152. What is the remainder when s is divided by 49?
47
Suppose -5*y - 2*s = -17, 2 = 5*s - 3. Calculate the remainder when 76 is divided by y.
1
Let w = 23 + -16. Let u = -2 - w. Let z = -2 - u. Calculate the remainder when 19 is divided by z.
5
Let m be 1565/20 - (-3)/(-12). Suppose -9*k + 3*k = -m. Calculate the remainder when k is divided by 9.
4
Let y = 68 - 118. Let u = 57 + y. Calculate the remainder when 30 is divided by u.
2
Suppose -a = 3*p - 12, 3*p - 4*p = -3*a - 4. Let y(k) = -k**3 + k**2 - 3*k + 35. What is the remainder when y(a) is divided by 15?
5
Let j = -284 - -303. What is the remainder when (-20)/6*(-165)/10 is divided by j?
17
Suppose 12 = 4*g - 4*m, -8*m + 3*m + 17 = -g. Suppose 3*c - 5*r - 131 = 0, -28 - 112 = -4*c - 2*r. What is the remainder when c is divided by g?
5
Suppose 3*k + 5*i - 419 = 0, i + 46 = k - 91. Calculate the remainder when k is divided by (7/21 - 1)*42/(-1).
26
Let c(f) be the second derivative of -f**3/6 + 7*f**2/2 - 2*f. Calculate the remainder when c(-17) is divided by 13.
11
Let i = 2177 + -2173. Calculate the remainder when 189 is divided by i.
1
Let r be 3 - ((-4)/2 - 0). Suppose r + 10 = d. Suppose 5*n + 179 + 116 = 5*z, 295 = 5*z + 5*n. Calculate the remainder when z is divided by d.
14
Calculate the remainder when 181 is divided by (185/(-10))/((4/8)/(-1)).
33
Suppose 14 = -t + 18. Suppose 3*g + 4*r - 256 = -0*g, t*g - 2*r - 334 = 0. Calculate the remainder when g is divided by 29.
26
Suppose 0 = -2*g - 3 + 31. Suppose a = 17 + 26. Let u = -3 + a. Calculate the remainder when u is divided by g.
12
Let g(q) = 23*q**2 - 1 - 5*q**2 - 2*q - 4 + 4. Calculate the remainder when g(-1) is divided by 11.
8
Let b(u) = 4*u**2 - 2*u - 13. Suppose -5*k - 3*t + 42 = 0, 0 = -5*t + 24 - 4. Calculate the remainder when b(k) is divided by 30.
29
Let l(c) = c**2 - 8*c - 6. Let p be l(9). Let r be (-1 - -2) + 12/p. Suppose 0*i = 5*j - 2*i - 197, 61 = j + r*i. What is the remainder when j is divided by 14?
13
Let x = -503 + 505. Let t = 7 + 6. What is the remainder when t is divided by x?
1
Suppose -5*g + 385 - 100 = 3*r, 4*r + 20 = 0. What is the remainder when 67 is divided by g?
7
What is the remainder when (-2*83/(-2))/(-1 + 2) is divided by 6?
5
Suppose 0 = 12*b - 9*b - 90. Calculate the remainder when 49 is divided by 30 + b/(-5) + 2.
23
Suppose -3*w = -g + 6*g + 450, -2*w - 10 = 0. Let x = -60 - g. Calculate the remainder when 51 is divided by x.
24
Suppose -5*m + 14 + 36 = 0. Calculate the remainder when 42 is divided by m - -3*2/6.
9
Let w = 2 - -6. Suppose 7*s + 28 = w*s. Calculate the remainder when s is divided by 10.
8
Let f = -166 + 319. Let p = 3392 - 3380. Calculate the remainder when f is divided by p.
9
Let c = 22 + -15. Let y(g) = -g**3 + g**2 - 2*g - 3. Calculate the remainder when y(-3) is divided by 3 + -2 + c/(-4 - -5).
7
Suppose 4*o = -0*o + 140. Let v(g) = 9 + 6*g - 19 + 17*g. Calculate the remainder when o is divided by v(1).
9
Let h(q) = 4*q**2 + 7*q - 6. What is the remainder when 40 is divided by h(2)?
16
Let z = -704 + 957. What is the remainder when z is divided by 22?
11
Let m = 15 - 15. Suppose b - 4*v - 11 = m, -99 = -2*b - 5*v - 38. Calculate the remainder when 41 is divided by b.
18
Suppose 0 = -24*j + 26*j - 22. What is the remainder when 119 is divided by j?
9
Let w = -64 + 90. Suppose w*v - 17*v = 36. Calculate the remainder when 13 is divided by v.
1
Let k(y) = -20*y**3 - y**2 - 34*y - 63. Calculate the remainder when k(-2) is divided by 25.
11
Suppose 58 = 4*v - 2*t, 7*v - 61 = 3*v + 5*t. Let y = -31 - -102. Suppose -4*h + y = -69. Calculate the remainder when h is divided by v.
7
Let h be (0 + 0)/(2 - 4). Suppose h = f - 2. Suppose f*m = 128 - 10. What is the remainder when m is divided by 15?
14
Let b(x) = x - 25. Let a be b(23). What is the remainder when 70 is divided by 26 - ((-80)/(-44) + a/(-11))?
22
Let x = 75 - 60. What is the rem